{"id":18088,"date":"2026-02-12T14:35:07","date_gmt":"2026-02-12T13:35:07","guid":{"rendered":"https:\/\/kstbasel.ch\/?post_type=event&#038;p=18088"},"modified":"2026-06-11T16:07:29","modified_gmt":"2026-06-11T14:07:29","slug":"preavis-voyage-pour-la-paix","status":"publish","type":"event","link":"https:\/\/kstbasel.ch\/fr\/event\/vorankuendigung-reise-fuer-den-frieden\/","title":{"rendered":"Mouvements pacifistes de 1912 \u00e0 aujourd'hui \u2013 Le\u00e7ons de plus de 100 ans de protestation pour la paix"},"content":{"rendered":"<p class=\"wp-block-paragraph\">Du 13 au 17 juin 2026, la \u00ab Marche pour la Paix \u00bb internationale aura lieu. Des repr\u00e9sentants de France, d'Allemagne et de Suisse visiteront divers lieux et aborderont ensemble des questions de politique de paix et les d\u00e9fis soci\u00e9taux actuels. La cl\u00f4ture de cette marche aura lieu \u00e0 B\u00e2le, dans le cadre de la manifestation publique suivante.<\/p>\n\n\n\n<p class=\"wp-block-paragraph\">Les guerres, la course aux armements et les tensions g\u00e9opolitiques marquent une fois de plus l'actualit\u00e9 politique. Quelles sont nos marges de man\u0153uvre face \u00e0 ces \u00e9volutions ? Quelles exp\u00e9riences et le\u00e7ons tirer de plus d'un si\u00e8cle de mouvement pour la paix ? Et quels d\u00e9fis se pr\u00e9sentent aux initiatives de paix d'aujourd'hui ?<\/p>\n\n\n\n<p class=\"wp-block-paragraph\"><strong>rapport<\/strong><\/p>\n\n\n\n<p class=\"wp-block-paragraph\">Des pr\u00e9sentations courtes introduisent aux th\u00e8mes centraux :<\/p>\n\n\n\n<ul class=\"wp-block-list\">\n<li><strong>Pourquoi le mouvement pacifiste a-t-il \u00e9chou\u00e9 apr\u00e8s le Congr\u00e8s de la paix de 1912 ?<\/strong><br>Dr. Bernard Degen, D\u00e9partement d'histoire de l'Universit\u00e9 de B\u00e2le<\/li>\n\n\n\n<li><strong>Initiatives de paix issues du milieu du travail social depuis 1912<\/strong><br>Edi Martin, Institut libre de th\u00e9orie et de pratique du travail social<\/li>\n\n\n\n<li><strong>Mouvements pacifistes actuels en Suisse<\/strong><br>Yannick Vuill\u00e8me, Mouvement suisse de la paix<\/li>\n<\/ul>\n\n\n\n<p class=\"wp-block-paragraph\"><strong>Table ronde<\/strong><\/p>\n\n\n\n<p class=\"wp-block-paragraph\"><strong>\u00ab La guerre est \u00e0 nos portes \u2013 que pouvons-nous faire concr\u00e8tement ? \u00bb<\/strong><\/p>\n\n\n\n<p class=\"wp-block-paragraph\">La discussion de panel qui s'ensuit offre un espace pour des discussions critiques et l'\u00e9change sur les perspectives et les possibilit\u00e9s d'action en mati\u00e8re de politique de paix aujourd'hui. La mod\u00e9ration sera assur\u00e9e par le Prof. Dr. Ueli M\u00e4der. Nous vous invitons ensuite cordialement \u00e0 prendre un petit ap\u00e9ritif.<\/p>\n\n\n\n<p class=\"wp-block-paragraph\"><strong>Contact<\/strong><\/p>\n\n\n\n<p class=\"wp-block-paragraph\">Point de contact pour les ch\u00f4meurs B\u00e2le, Sarah Zurbuchen : zurbuchen@kstbasel.ch<\/p>\n\n\n\n<p class=\"wp-block-paragraph\"><\/p>","protected":false},"author":4,"featured_media":1866,"parent":0,"template":"","meta":{"first_date":"2026-06-17","first_date_end":"2026-06-17","start_time":"14:00","end_time":"16:30","location":"","repeat_type":"","repeat_until":"","eintritt_event":"","target_audience":null,"pdf_file":"","tickets_kaufen_link":""},"eventcat":[320,325],"class_list":["post-18088","event","type-event","status-publish","has-post-thumbnail","hentry","eventcat-bildungszentrum","eventcat-solidarische-nachbarn"],"_links":{"self":[{"href":"https:\/\/kstbasel.ch\/fr\/wp-json\/wp\/v2\/event\/18088","targetHints":{"allow":["GET"]}}],"collection":[{"href":"https:\/\/kstbasel.ch\/fr\/wp-json\/wp\/v2\/event"}],"about":[{"href":"https:\/\/kstbasel.ch\/fr\/wp-json\/wp\/v2\/types\/event"}],"author":[{"embeddable":true,"href":"https:\/\/kstbasel.ch\/fr\/wp-json\/wp\/v2\/users\/4"}],"wp:featuredmedia":[{"embeddable":true,"href":"https:\/\/kstbasel.ch\/fr\/wp-json\/wp\/v2\/media\/1866"}],"wp:attachment":[{"href":"https:\/\/kstbasel.ch\/fr\/wp-json\/wp\/v2\/media?parent=18088"}],"wp:term":[{"taxonomy":"eventcat","embeddable":true,"href":"https:\/\/kstbasel.ch\/fr\/wp-json\/wp\/v2\/eventcat?post=18088"}],"curies":[{"name":"wp","href":"https:\/\/api.w.org\/{rel}","templated":true}]}}

Mouvements pacifistes de 1912 à aujourd'hui – Leçons de plus de 100 ans de protestation pour la paix

<p class="wp-block-paragraph">Du 13 au 17 juin 2026, la « Marche pour la Paix » internationale aura lieu. Des représentants de France, d'Allemagne et de Suisse visiteront divers lieux et aborderont ensemble des questions de politique de paix et les défis sociétaux actuels. La clôture de cette marche aura lieu à Bâle, dans le cadre de la manifestation publique suivante.</p>



<p class="wp-block-paragraph">Les guerres, la course aux armements et les tensions géopolitiques marquent une fois de plus l'actualité politique. Quelles sont nos marges de manœuvre face à ces évolutions ? Quelles expériences et leçons tirer de plus d'un siècle de mouvement pour la paix ? Et quels défis se présentent aux initiatives de paix d'aujourd'hui ?</p>



<p class="wp-block-paragraph"><strong>rapport</strong></p>



<p class="wp-block-paragraph">Des présentations courtes introduisent aux thèmes centraux :</p>



<ul class="wp-block-list">
<li><strong>Pourquoi le mouvement pacifiste a-t-il échoué après le Congrès de la paix de 1912 ?</strong><br>Dr. Bernard Degen, Département d'histoire de l'Université de Bâle</li>



<li><strong>Initiatives de paix issues du milieu du travail social depuis 1912</strong><br>Edi Martin, Institut libre de théorie et de pratique du travail social</li>



<li><strong>Mouvements pacifistes actuels en Suisse</strong><br>Yannick Vuillème, Mouvement suisse de la paix</li>
</ul>



<p class="wp-block-paragraph"><strong>Table ronde</strong></p>



<p class="wp-block-paragraph"><strong>« La guerre est à nos portes – que pouvons-nous faire concrètement ? »</strong></p>



<p class="wp-block-paragraph">La discussion de panel qui s'ensuit offre un espace pour des discussions critiques et l'échange sur les perspectives et les possibilités d'action en matière de politique de paix aujourd'hui. La modération sera assurée par le Prof. Dr. Ueli Mäder. Nous vous invitons ensuite cordialement à prendre un petit apéritif.</p>



<p class="wp-block-paragraph"><strong>Contact</strong></p>



<p class="wp-block-paragraph">Point de contact pour les chômeurs Bâle, Sarah Zurbuchen : zurbuchen@kstbasel.ch</p>



<p class="wp-block-paragraph"></p>
