{"id":18088,"date":"2026-02-12T14:35:07","date_gmt":"2026-02-12T13:35:07","guid":{"rendered":"https:\/\/kstbasel.ch\/?post_type=event&#038;p=18088"},"modified":"2026-06-11T16:07:29","modified_gmt":"2026-06-11T14:07:29","slug":"anuncio-viaje-por-la-paz","status":"publish","type":"event","link":"https:\/\/kstbasel.ch\/es\/event\/vorankuendigung-reise-fuer-den-frieden\/","title":{"rendered":"Movimientos por la paz de 1912 hasta hoy \u2013 Lecciones de m\u00e1s de 100 a\u00f1os de protesta por la paz"},"content":{"rendered":"<p class=\"wp-block-paragraph\">Del 13 al 17 de junio de 2026 se celebrar\u00e1 la \u00abViaje por la Paz\u00bb internacional. Representantes de Francia, Alemania y Suiza visitar\u00e1n diversos lugares y abordar\u00e1n conjuntamente cuestiones de pol\u00edtica pacifista y los desaf\u00edos sociales actuales. El cierre de este viaje tendr\u00e1 lugar en Basilea, en el marco del siguiente evento p\u00fablico.<\/p>\n\n\n\n<p class=\"wp-block-paragraph\">Las guerras, la carrera armamentista y las tensiones geopol\u00edticas vuelven a marcar la actualidad pol\u00edtica. \u00bfQu\u00e9 opciones de acci\u00f3n tenemos ante estos desarrollos? \u00bfQu\u00e9 experiencias y lecciones se pueden extraer de m\u00e1s de cien a\u00f1os de movimiento por la paz? \u00bfY qu\u00e9 desaf\u00edos enfrentan las iniciativas de paz actuales?<\/p>\n\n\n\n<p class=\"wp-block-paragraph\"><strong>referir<\/strong><\/p>\n\n\n\n<p class=\"wp-block-paragraph\">Las presentaciones cortas introducen temas centrales:<\/p>\n\n\n\n<ul class=\"wp-block-list\">\n<li><strong>\u00bfPor qu\u00e9 fracas\u00f3 el movimiento pacifista despu\u00e9s del Congreso de la Paz de 1912?<\/strong><br>Dr. Bernard Degen, Departamento de Historia de la Universidad de Basilea<\/li>\n\n\n\n<li><strong>Iniciativas de paz desde el entorno del trabajo social desde 1912<\/strong><br>Edi Martin, Instituto Libre de Teor\u00eda y Pr\u00e1ctica del Trabajo Social<\/li>\n\n\n\n<li><strong>Movimientos pacifistas actuales en Suiza<\/strong><br>Yannick Vuill\u00e8me, Movimiento Suizo por la Paz<\/li>\n<\/ul>\n\n\n\n<p class=\"wp-block-paragraph\"><strong>Mesa redonda<\/strong><\/p>\n\n\n\n<p class=\"wp-block-paragraph\"><strong>\u00abLa guerra est\u00e1 a la vuelta de la esquina: \u00bfqu\u00e9 podemos hacer concretamente?\u00bb<\/strong><\/p>\n\n\n\n<p class=\"wp-block-paragraph\">El panel posterior ofrece espacio para discusiones cr\u00edticas y el intercambio sobre perspectivas y opciones de acci\u00f3n para la pol\u00edtica de paz hoy en d\u00eda. La moderaci\u00f3n corre a cargo del Prof. Dr. Ueli M\u00e4der. Posteriormente, le invitamos cordialmente a un peque\u00f1o aperitivo.<\/p>\n\n\n\n<p class=\"wp-block-paragraph\"><strong>P\u00f3ngase en contacto con nosotros<\/strong><\/p>\n\n\n\n<p class=\"wp-block-paragraph\">Punto de contacto para desempleados de Basilea, Sarah Zurbuchen: zurbuchen@kstbasel.ch<\/p>\n\n\n\n<p class=\"wp-block-paragraph\"><\/p>","protected":false},"author":4,"featured_media":1866,"parent":0,"template":"","meta":{"first_date":"2026-06-17","first_date_end":"2026-06-17","start_time":"14:00","end_time":"16:30","location":"","repeat_type":"","repeat_until":"","eintritt_event":"","target_audience":null,"pdf_file":"","tickets_kaufen_link":""},"eventcat":[320,325],"class_list":["post-18088","event","type-event","status-publish","has-post-thumbnail","hentry","eventcat-bildungszentrum","eventcat-solidarische-nachbarn"],"_links":{"self":[{"href":"https:\/\/kstbasel.ch\/es\/wp-json\/wp\/v2\/event\/18088","targetHints":{"allow":["GET"]}}],"collection":[{"href":"https:\/\/kstbasel.ch\/es\/wp-json\/wp\/v2\/event"}],"about":[{"href":"https:\/\/kstbasel.ch\/es\/wp-json\/wp\/v2\/types\/event"}],"author":[{"embeddable":true,"href":"https:\/\/kstbasel.ch\/es\/wp-json\/wp\/v2\/users\/4"}],"wp:featuredmedia":[{"embeddable":true,"href":"https:\/\/kstbasel.ch\/es\/wp-json\/wp\/v2\/media\/1866"}],"wp:attachment":[{"href":"https:\/\/kstbasel.ch\/es\/wp-json\/wp\/v2\/media?parent=18088"}],"wp:term":[{"taxonomy":"eventcat","embeddable":true,"href":"https:\/\/kstbasel.ch\/es\/wp-json\/wp\/v2\/eventcat?post=18088"}],"curies":[{"name":"wp","href":"https:\/\/api.w.org\/{rel}","templated":true}]}}

Movimientos por la paz de 1912 hasta hoy – Lecciones de más de 100 años de protesta por la paz

<p class="wp-block-paragraph">Del 13 al 17 de junio de 2026 se celebrará la «Viaje por la Paz» internacional. Representantes de Francia, Alemania y Suiza visitarán diversos lugares y abordarán conjuntamente cuestiones de política pacifista y los desafíos sociales actuales. El cierre de este viaje tendrá lugar en Basilea, en el marco del siguiente evento público.</p>



<p class="wp-block-paragraph">Las guerras, la carrera armamentista y las tensiones geopolíticas vuelven a marcar la actualidad política. ¿Qué opciones de acción tenemos ante estos desarrollos? ¿Qué experiencias y lecciones se pueden extraer de más de cien años de movimiento por la paz? ¿Y qué desafíos enfrentan las iniciativas de paz actuales?</p>



<p class="wp-block-paragraph"><strong>referir</strong></p>



<p class="wp-block-paragraph">Las presentaciones cortas introducen temas centrales:</p>



<ul class="wp-block-list">
<li><strong>¿Por qué fracasó el movimiento pacifista después del Congreso de la Paz de 1912?</strong><br>Dr. Bernard Degen, Departamento de Historia de la Universidad de Basilea</li>



<li><strong>Iniciativas de paz desde el entorno del trabajo social desde 1912</strong><br>Edi Martin, Instituto Libre de Teoría y Práctica del Trabajo Social</li>



<li><strong>Movimientos pacifistas actuales en Suiza</strong><br>Yannick Vuillème, Movimiento Suizo por la Paz</li>
</ul>



<p class="wp-block-paragraph"><strong>Mesa redonda</strong></p>



<p class="wp-block-paragraph"><strong>«La guerra está a la vuelta de la esquina: ¿qué podemos hacer concretamente?»</strong></p>



<p class="wp-block-paragraph">El panel posterior ofrece espacio para discusiones críticas y el intercambio sobre perspectivas y opciones de acción para la política de paz hoy en día. La moderación corre a cargo del Prof. Dr. Ueli Mäder. Posteriormente, le invitamos cordialmente a un pequeño aperitivo.</p>



<p class="wp-block-paragraph"><strong>Póngase en contacto con nosotros</strong></p>



<p class="wp-block-paragraph">Punto de contacto para desempleados de Basilea, Sarah Zurbuchen: zurbuchen@kstbasel.ch</p>



<p class="wp-block-paragraph"></p>
